 factor of 368 and 765532.
92
Calculate the highest common divisor of 69265 and 245.
35
Calculate the greatest common divisor of 164300 and 31.
31
Calculate the greatest common divisor of 32721 and 130.
13
Calculate the highest common factor of 87560 and 80.
40
Calculate the highest common divisor of 297 and 17787.
33
What is the greatest common factor of 6568 and 84563?
821
What is the greatest common divisor of 680 and 417605?
85
Calculate the highest common divisor of 423 and 508743.
9
What is the greatest common factor of 9774 and 3834?
54
What is the greatest common factor of 16501 and 899?
29
Calculate the highest common factor of 692 and 604.
4
What is the highest common divisor of 348 and 29058?
174
Calculate the highest common factor of 19095 and 20805.
285
Calculate the highest common divisor of 10026 and 288.
18
What is the greatest common factor of 64 and 7?
1
Calculate the highest common factor of 33 and 102927.
33
What is the greatest common divisor of 45 and 2168865?
45
What is the highest common divisor of 17316 and 702?
234
Calculate the highest common divisor of 1106315 and 73.
73
What is the highest common divisor of 60 and 185660?
20
Calculate the greatest common factor of 3961 and 34.
17
Calculate the highest common divisor of 459690 and 1194.
1194
What is the greatest common factor of 2962 and 1094?
2
Calculate the highest common divisor of 77 and 3255714.
77
What is the greatest common factor of 16458 and 39?
39
Calculate the highest common divisor of 52192 and 224.
224
What is the highest common divisor of 42 and 48504?
6
What is the greatest common factor of 29 and 4461505?
29
What is the greatest common factor of 3710 and 713804?
742
What is the highest common divisor of 954 and 711?
9
What is the highest common factor of 329 and 2207261?
329
Calculate the greatest common factor of 12 and 208468.
4
What is the greatest common factor of 1135 and 29205?
5
What is the highest common factor of 54 and 106?
2
What is the greatest common factor of 217 and 12124?
7
Calculate the greatest common divisor of 18847 and 6416.
401
What is the greatest common divisor of 554 and 865902?
554
What is the greatest common divisor of 25 and 5009?
1
Calculate the highest common factor of 130 and 6758.
2
What is the highest common divisor of 2048 and 46832?
16
Calculate the greatest common divisor of 22646 and 2546.
134
What is the highest common factor of 24455 and 3015?
335
Calculate the highest common factor of 817 and 23807.
19
What is the highest common factor of 4582 and 986?
58
Calculate the highest common divisor of 32 and 1160.
8
What is the highest common divisor of 77312 and 24064?
512
What is the highest common divisor of 1037 and 629?
17
What is the greatest common divisor of 40090 and 24320?
190
What is the highest common divisor of 30 and 90?
30
Calculate the greatest common divisor of 37629 and 12882.
339
What is the greatest common factor of 113589 and 189?
189
Calculate the highest common divisor of 7631 and 208.
13
Calculate the greatest common factor of 13420 and 7040.
220
What is the greatest common factor of 10821 and 3?
3
What is the greatest common factor of 32 and 17197952?
32
Calculate the greatest common divisor of 23 and 45816.
23
What is the highest common divisor of 162 and 221022?
54
What is the greatest common divisor of 190 and 4790?
10
Calculate the greatest common divisor of 2109 and 247.
19
Calculate the greatest common factor of 10584653 and 38.
19
Calculate the highest common divisor of 77879 and 141.
47
Calculate the greatest common factor of 667 and 9309.
29
Calculate the highest common divisor of 166 and 50879.
83
What is the highest common divisor of 302256 and 1584?
144
What is the highest common divisor of 952546 and 931?
133
Calculate the highest common divisor of 2496 and 3072.
192
Calculate the greatest common divisor of 3444 and 301596.
492
Calculate the highest common divisor of 40 and 512660.
20
Calculate the greatest common factor of 33979 and 682.
11
What is the highest common factor of 8228 and 15488?
484
Calculate the greatest common divisor of 176 and 12683.
11
What is the highest common factor of 232 and 110548?
116
Calculate the greatest common factor of 142731 and 9.
9
Calculate the highest common factor of 1360 and 8500.
340
What is the greatest common divisor of 62080 and 1600?
320
What is the greatest common divisor of 8602 and 1683?
187
Calculate the greatest common factor of 52116 and 18318.
258
What is the greatest common divisor of 128 and 6212?
4
What is the highest common divisor of 343 and 686?
343
What is the highest common divisor of 5464408 and 376?
376
Calculate the highest common factor of 162 and 53541.
81
Calculate the highest common divisor of 2154 and 265301.
359
Calculate the highest common divisor of 714 and 378.
42
What is the highest common divisor of 139704 and 96?
24
What is the highest common divisor of 1432 and 237891?
179
Calculate the highest common factor of 416734 and 18.
2
Calculate the greatest common divisor of 1360 and 37196.
68
What is the greatest common factor of 2432 and 2660?
76
Calculate the greatest common factor of 221278 and 1162.
166
What is the greatest common divisor of 1680 and 30336?
48
What is the greatest common divisor of 20154 and 1626?
6
What is the highest common factor of 18 and 222822?
18
Calculate the highest common divisor of 9875 and 20540.
395
Calculate the greatest common factor of 56152 and 168.
8
What is the highest common divisor of 1215 and 5895?
45
Calculate the highest common factor of 77 and 1946.
7
What is the greatest common divisor of 47268 and 2457?
117
What is the highest common divisor of 3995000 and 272?
136
What is the greatest common factor of 38 and 157415?
19
Calculate the highest common divisor of 93876 and 24.
12
What is the highest common factor of 114 and 2641?
19
What is the greatest common divisor of 124562 and 1220?
122
What is the highest common divisor of 710572 and 28352?
1772
Calculate the greatest common divisor of 2257 and 4270.
61
Calculate the greatest common factor of 84 and 29028.
12
Calculate the greatest common divisor of 87495 and 9975.
285
Calculate the greatest common divisor of 568984 and 273.
13
Calculate the highest common factor of 175014 and 378.
378
Calculate the greatest common factor of 3760 and 1363.
47
What is the highest common divisor of 3842 and 4?
2
What is the highest common divisor of 24256 and 768?
64
What is the greatest common factor of 10112 and 70468?
316
Calculate the highest common divisor of 4202 and 12012.
22
Calculate the highest common factor of 2291 and 2449.
79
Calculate the highest common factor of 1593 and 27.
27
Calculate the greatest common factor of 18 and 33147.
9
What is the greatest common divisor of 357546 and 84?
42
Calculate the greatest common factor of 3315 and 8177.
221
Calculate the greatest common factor of 1438 and 6883706.
1438
What is the greatest common divisor of 8 and 66784?
8
Calculate the highest common factor of 3969 and 1274.
49
Calculate the highest common factor of 49543 and 48101.
103
What is the greatest common divisor of 2545 and 595?
5
Calculate the greatest common divisor of 218163 and 1202.
601
What is the highest common factor of 77230 and 30?
10
What is the greatest common divisor of 2944 and 3841?
23
What is the highest common divisor of 300906 and 3942?
1314
What is the greatest common divisor of 8064 and 29736?
504
What is the greatest common divisor of 552 and 15796?
4
What is the greatest common factor of 2011050 and 36?
18
Calculate the greatest common divisor of 2830 and 9339.
283
What is the highest common factor of 8344 and 392?
56
What is the highest common divisor of 68 and 85510?
34
What is the highest common factor of 1184 and 3248?
16
Calculate the highest common divisor of 80073 and 324.
9
Calculate the greatest common factor of 37249 and 579.
193
Calculate the highest common divisor of 156744 and 114.
6
Calculate the greatest common factor of 4926 and 432.
6
What is the highest common divisor of 3590 and 849394?
718
Calculate the highest common divisor of 5819 and 3773.
11
Calculate the highest common factor of 2541 and 614229.
231
What is the greatest common factor of 712 and 120417?
89
What is the